z be -1*3*16/n. Calculate t(z).
-2
Let x(q) = 3*q**2 + 4*q + 2. Let a = -22 - -23. Suppose -4*t - 3*h = -0*t + 9, -5*h - 4 = 3*t. Let w = a + t. What is x(w)?
6
Suppose -2*j + 5*g + 31 = 0, 3*g - 39 = -j - j. Suppose -7*f - 17 = 3*h - 3*f, -j = -3*h + 3*f. Let c(b) = 0*b**2 + 2 + b**2 + 0 - 5*b - h. Calculate c(3).
-5
Suppose -4 = -2*r - 0. Let h(x) = 5*x - 5*x**2 - 2*x + 2*x**r + 4*x**2. Determine h(-5).
10
Let q be (-2)/(-6)*-1*(-5 - -5). Let m(r) be the third derivative of 1/6*r**3 + 0 - 1/30*r**6 + q*r + 2*r**2 + 0*r**4 - 1/30*r**5. Give m(1).
-5
Let t(g) = -15 - 2*g - 6*g**2 + 11 - 2*g**3 + g**3. Calculate t(-5).
-19
Let f(g) = g**2 - 2*g - 1. Let n be (0 - -6)*(-10)/(-20). Suppose 4*a = -3*x + 18 - 4, 16 = n*x + 5*a. What is f(x)?
-1
Let i(o) = o**3 + 1. Let t(k) = 2*k**3 - k**2 + 2. Let c(u) = -3*i(u) + 2*t(u). Give c(1).
0
Let u(v) = -v**3 + 6*v**2 + 8*v - 10. Suppose 0 = 83*h - 87*h + 28. Determine u(h).
-3
Let y = -13 - -17. Let z = 5 - 3. Let i(a) = 1 + 2*a + 3*a - a**z + 0. Give i(y).
5
Let h be -1 - (0/(-1) + -3). Let t(d) = -4*d**h + 2 + 18*d**3 - 16*d**3 + d + d**2. Calculate t(2).
8
Suppose -4*z + 4 = -8. Suppose z*f + 2*f = -2*y + 9, -3*f = -3*y - 18. Let i(b) = -f*b + 1 + 5*b - 4*b. What is i(1)?
-1
Let l(j) = -4*j - 2. Suppose 13*f + 6 = 10*f. What is l(f)?
6
Suppose -2*t = 2*t - i + 12, 5*t + 15 = -4*i. Let n(o) = -4 - 3*o**2 + 2*o**2 + 2*o**2. Determine n(t).
5
Let z(v) be the first derivative of -3*v**4/2 + 2*v**3/3 + 3*v**2/2 + 4*v + 2. Let k(q) = -q**3 - q**2 - q - 1. Let b(n) = -3*k(n) - z(n). Determine b(1).
9
Suppose 4 + 14 = -2*i. Let w be 4/6 - (-6)/i. Let b(f) = -2 + 0*f + w*f - 1 + f**2 - 2*f. What is b(-3)?
12
Suppose -4*c = -3*w + 13, -c - 5*w = 2*c + 17. Let g(u) = u**3 + 5*u**2 + 6*u + 2. Determine g(c).
-6
Let z = 5 - 3. Let r(p) be the third derivative of 0*p + 1/12*p**4 + 0*p**3 + z*p**2 + 0. Determine r(-2).
-4
Let v(x) = 2*x**2 - 1. Let l(k) = k + 9. Let w be l(-8). Determine v(w).
1
Let l(j) = -2*j**2 - 2*j - 4. Suppose -4*k - 6 - 6 = 4*x, -5*k = 3*x + 7. Let n(c) = -1. Let o(p) = k*l(p) - 5*n(p). Calculate o(1).
-3
Let u(i) = 9*i - 1. Suppose -n + 3 = 9. Let t(x) = -5*x. Let h(p) = n*u(p) - 11*t(p). Let j(b) = -2*b**2 + 3*b - 3. Let s be j(2). Determine h(s).
1
Let w(b) = 0*b - 4 - 4*b**2 - b**3 + b - 3*b. Suppose -3 - 1 = k. Calculate w(k).
4
Suppose -7*r + r + 12 = 0. Let a(x) = 5*x**2 + 1. Determine a(r).
21
Let x(u) be the second derivative of -u**5/10 + u**4/3 - u**2/2 + 24*u. What is x(3)?
-19
Let i(a) = -2*a**2 - 4*a + 1. Let r(m) = m**2 + m - 1. Let p be (2 + -8)*(-2)/4. Let n(o) = p*r(o) + i(o). Give n(-2).
4
Let r(z) = -z - 4. Suppose -2*v - 2*w + 6 = 0, 4*v - 2*w = 3*w + 12. Let s be 77/(-21) - (-2)/v. Determine r(s).
-1
Suppose 4*n + 1 = s, 4*n + 3*s - 10 = 9. Let g be (1 + 3*-1)*n. Let i(d) = 15*d + 18. Let m(w) = -w - 1. Let v(y) = -i(y) - 18*m(y). Give v(g).
-6
Suppose 3*p = -3*o + 15, 2*o - 7*p + 4*p = 0. Let z(g) = -4*g**3 + 0*g**2 + 3*g**o + 5 + 3*g**2. Determine z(4).
-11
Let s(t) = -5*t**2. Suppose -4*f = -8 + 20. Let m(g) = 14*g**2. Let n(b) = f*m(b) - 8*s(b). Give n(1).
-2
Let x(k) = k**2 + k + 1. Let p(i) = 1. Let w(b) = p(b) - 2*x(b). Give w(-1).
-1
Let z(b) = 3*b**2 - 9*b - 4. Let u(n) = -2*n**2 + 6*n + 3. Let l(c) = 8*u(c) + 5*z(c). What is l(3)?
4
Suppose -3*n - 6 = -6*n. Let q(y) be the first derivative of -7*y**2 - 14*y - 2. Let u(l) = -9*l - 9. Let f(z) = -5*q(z) + 8*u(z). What is f(n)?
-6
Let w(a) = -a**3 - 3*a**2 + a - 3. Let u be 8/14 + 75/(-21). Give w(u).
-6
Let j be (-65)/(-30) + 1/(-6). Let w(m) = -m**3 + 2*m**2 - 2*m + 3. Calculate w(j).
-1
Suppose -5*i - 7*m + 2*m + 30 = 0, -3*m = -3. Let w(b) = -2*b**2 + 6*b + 6. What is w(i)?
-14
Let w = -29 - -47. Let j = 13 - w. Let n(g) = g**3 + 6*g**2 + 5*g - 5. Give n(j).
-5
Let a(c) = -c**2 - 16 + 0*c**2 + 4*c + 11. Calculate a(4).
-5
Let z(o) = o**2 - 11*o + 12. Suppose 6 - 36 = -3*h. Let b be z(h). Let s(m) = 2*m**2 + 2 - 4*m - m**2 + m**b. Give s(3).
8
Let c(x) = x**3 + 6*x**2 + 8. Let q = 65 + -71. Determine c(q).
8
Let v(a) = a**3 - 2*a**2 + a + 1. Suppose -7 = -5*c + p, -3*c + p + p = 0. Give v(c).
3
Suppose -18 = -5*i - 3, -5*c + 37 = -i. Suppose 0 = t - 3*h - c, -3*h - 5 + 2 = 0. Let j(f) = -f**3 + 6*f**2 - 5*f - 2. Give j(t).
-2
Let u(k) = 3*k**2 - 20*k - 32. Let y(c) = -c**2 + 7*c + 11. Let w(j) = 3*u(j) + 8*y(j). What is w(6)?
4
Let q be (4 + 21)/(-3 - -2). Let h be (-130)/q + 1/(-5). Let d(f) = f**2 - 6*f + 5. What is d(h)?
0
Suppose p - 2*p - 4 = 0. Let z(v) be the second derivative of 9/2*v**2 + 2*v + 0 + 1/6*v**3. What is z(p)?
5
Let v(q) = 7*q - 1. Let r be 1/(-3*(-4)/(-12)). What is v(r)?
-8
Let s(q) = q**2 + 4*q - 2. Let i(y) = y**3 + 2*y**2 - 3*y - 3. Let h be i(-2). Suppose -h*o + 5 = 20. Give s(o).
3
Let i(p) = 1 - p**2 - 1 - 1. Let o(l) = -4*l**2 + 2*l. Let q(m) = -2*i(m) + o(m). Suppose 0 = -4*x + 31 - 23. What is q(x)?
-2
Let i = -2 + 4. Let x(j) = i + 3*j + j - 4*j + j. Suppose -u - 15 = 4*u. What is x(u)?
-1
Let b(f) = 9*f**3 - f**2 + 1. Suppose -n + 3 = 2. Let c be (-6)/(n + -4) + -3. Determine b(c).
-9
Let w(v) = v**2 + 5*v + 1. Let m(g) = -2*g - 1. Let q be m(4). Let b = 13 + q. Suppose -4*f = 2*l + 6, 5*f + b*l - 3 = -6. Determine w(f).
-5
Let k(c) = 5*c - c + 2*c - 7*c - 4. What is k(-5)?
1
Let h(d) be the first derivative of -d**7/840 - d**6/180 + d**5/120 - d**4/24 - d**3/3 - 4. Let c(w) be the third derivative of h(w). What is c(-2)?
-3
Let w(s) = -s**2 - 7*s. Let h(d) = 2*d. Let z be h(2). Suppose -4*a + z*y + 7 - 3 = 0, 2*a = -2*y + 14. Suppose 3*u = 2*u - a. Calculate w(u).
12
Suppose -y - 24 = -18. Let j(f) = f**2 + 5*f + 6. Give j(y).
12
Suppose -3 = -3*p, 2*t - 5*p = -2*t - 5. Suppose 5*u = h - 20, t = 5*h - 4*u + 3*u - 28. Suppose -8 = h*a - 3. Let l(r) = -r**3 + 1. Give l(a).
2
Suppose 4*f = -4, -x - 7 = -0*f + 2*f. Let k(i) be the second derivative of -i**5/20 - i**4/2 - 5*i**3/6 - i**2/2 - i. Give k(x).
-1
Suppose -11 = -4*n - 3. Suppose -p + 11 = 4*i, 0*i = 2*i - 3*p - 9. Let w(a) = 3*a - 3 - a - 4*a**3 + i*a**3. Determine w(n).
-7
Let o(m) = -2*m + 4. Suppose z + 3 = -3*p - 18, -2*z = p + 17. Determine o(z).
16
Let q(n) = -3*n - 4 - 7*n + 12*n. What is q(5)?
6
Let a(s) = -s. Let c(h) = 6*h - 3. Let v(j) = 3*a(j) + c(j). Let r(b) = b. Let i(l) = -2*r(l) + v(l). Suppose -7*n = -2*n. Determine i(n).
-3
Let y = 1 - -1. Suppose 2*t = 2 + y. Suppose 2*z - 16 = 4*p, t = -3*p - p - 5*z. Let g(m) = 2*m - 2. What is g(p)?
-8
Let g(f) = 5*f**3 - 2*f**2 + 3*f - 2. Let s be g(1). Let u(b) = b**2 - 3*b. Calculate u(s).
4
Let o(t) = -t**2 + 4*t - 6. Let f be o(4). Let q(c) = c**3 - 9*c**2 + 3*c - 3. Let p(v) = -2*v**3 + 17*v**2 - 5*v + 6. Let k(w) = f*p(w) - 11*q(w). Give k(4).
1
Let b(k) be the second derivative of k**7/2520 + k**6/720 + k**5/60 + k**4/4 + 6*k. Let c(a) be the third derivative of b(a). What is c(0)?
2
Let m be -2 + 5 - (-3 - -6). Suppose m = -4*r - 4 + 12. Let x(z) = z**3 - 2*z**2 - 3*z + 3. What is x(r)?
-3
Suppose 3*s - 16 = s. Suppose -s = d - 10. Let l(f) = -f**3 - 2. Calculate l(d).
-10
Let h(y) = y**2 - 7*y + 3. Suppose -5*j - x - 51 = -8*j, x = 3. Let b = -12 + j. What is h(b)?
-3
Let w(a) = -a**3 - a**2 + 2*a + 1. Let y be w(-2). Suppose -3*h - 10 = -2*x, -5*x + 5*h + 19 = -y. Let i(b) = -2*b + 2. Determine i(x).
-2
Let a(h) = 2*h**2 - 4*h - 1. Let l(r) = 10*r**2 - 21*r - 4. Let p(k) = -11*a(k) + 2*l(k). Give p(-2).
-9
Let m(z) = -z**3 + 2*z**2 - 5. Let d(g) = -g**3 + 2*g**2 + g - 4. Let q(u) = -4*d(u) + 3*m(u). Suppose 0*o = 4*o - 12. Determine q(o).
-2
Let r(m) = m - 5 + 5 + 3 - 1. Give r(0).
2
Let k(l) = -l**2 + 11*l - 6. Let g be k(10). Let z(a) = -2*a + 3. Calculate z(g).
-5
Let c(m) = 3*m. Let i be (4 + 85/(-20))*4. Calculate c(i).
-3
Let h(k) be the second derivative of k**6/144 + k**5/120 - k**4/12 + k. Let v(l) be the third derivative of h(l). Determine v(-1).
-4
Suppose 0 = -0*h - 2*h + 4. Let z = h - -1. Suppose -z*m = m. Let r(b) = -b**2 + b + 1. Give r(m).
1
Let m(a) be the second derivative of a**5/20 - 5*a**4/12 + 2*a**2 + 3*a. Let q = 0 + 5. Let t be m(q). Let l(o) = -2*o + 6. What is l(t)?
-2
Let t = -7 - -4. Let i(u) = 6*u + 4. Calculate i(t).
-14
Suppose 0 = 2*u - y + 4, 3*u + 5*y + 19 + 0 = 0. Let s(j) = -j**2 - 10*j + 2. Let n(v) = -v + 1. L